 of ((-6)/c)/(4*(-2)/(-21080)).
2, 17, 31
Let t be (32 - 25) + (-8)/(2/1). Suppose 4*o + 12 = 2*q + 3*q, 0 = -t*o + 6. List the prime factors of q/10 - -11*(-452)/(-20).
3, 83
Suppose -3*w + s + 100720 = 0, -134287 = -4*w + 9*s - 14*s. What are the prime factors of w?
3, 19, 31
Let t(x) be the first derivative of -2*x**3/3 + 27*x**2 + 41*x - 90. List the prime factors of t(13).
3, 5
Let w(z) = 4*z - 19. Let k be w(3). Let m = -7 - k. Suppose m = -5*s + 280 + 600. What are the prime factors of s?
2, 11
Let n be 4/(-10) - 952/70. Let a(c) = -12*c - 78. What are the prime factors of a(n)?
2, 3, 5
Suppose 48*l + 21*l = 2346. What are the prime factors of l?
2, 17
Suppose -128305 = -18*o - 21943. What are the prime factors of o?
19, 311
Let y = -210 - -214. Suppose -y*k = 3*r - 389, -4*k = -k - 3*r - 318. List the prime factors of k.
101
What are the prime factors of (2471/(-28) + 10)/(4/(-144))?
3, 313
Let f(q) = q. Suppose 5 = -9*t + 4*t. Let p be f(t). List the prime factors of -93*p*(4 - 3).
3, 31
List the prime factors of (1228 - -1)/((5 - -3)/184).
23, 1229
Suppose -13663 + 3018 = -n + w, n = 5*w + 10633. What are the prime factors of n?
2, 11
Let r(j) = -2025*j**3 + j**2 - 4*j + 3. Let t be r(1). Let k = t - -4443. Suppose -k = -14*y + y. What are the prime factors of y?
2, 3, 31
List the prime factors of (3 + (-15257)/38)*-78.
3, 13, 797
List the prime factors of (1/2)/((-27)/(-1319166)).
3, 17, 479
Suppose -4*r - 2*o + 12 = 0, 3*r - 8*r + 2*o - 3 = 0. Let f(u) = 5*u + 84*u**3 + 0*u + u - 3*u - 3*u**2 - 1. List the prime factors of f(r).
83
Suppose -4774 - 1186 = -4*l. Suppose 2*r - 746 = -3*c + c, 4*r - l = -2*c. What are the prime factors of r?
2, 3, 31
Let q(r) = 234*r - 965. What are the prime factors of q(32)?
11, 593
Let s(i) = 7*i - 180. Let n be s(26). Suppose 0 = -d + n*r + 1253, 3*r + 0*r = 2*d - 2504. List the prime factors of d.
1249
Let p = -9557 - -24956. List the prime factors of p.
3, 29, 59
What are the prime factors of (-75010114)/(-3743) - (-2)/(-19)?
2, 3, 5, 167
Let z(u) = u**3 - 2*u**2 + 5. Let b be z(0). Suppose 0 = -b*p + 5*q - 5, -3*q + 4 = p + 17. What are the prime factors of ((-651)/(-35))/(p/(-60))?
3, 31
Let x = -12223 - -19965. Suppose -4*v = 10*v - x. Suppose -9*p + v = -1373. List the prime factors of p.
2, 107
Suppose -2*s - 6*c = -4*c - 3062, -3*c = 5*s - 7655. Let g = s - 1030. What are the prime factors of g?
3, 167
Suppose 43*j - 48*j + 35960 = -q, 3*j + 3*q = 21576. List the prime factors of j.
2, 29, 31
Let c(n) = -n**2 + 18*n - 62. Let v be c(13). Suppose v*p - 2632 = p - 2*r, -3*p + 2*r + 3933 = 0. List the prime factors of p.
13, 101
Suppose -5*t + 9*z = -26306, -z = 3*t - 6*z - 15784. What are the prime factors of t?
19, 277
Suppose 0 = -43*v + 37*v + 21090. Suppose 0 = 28*j - 1217 - v. List the prime factors of j.
13
Let n = 3715 + -2553. Let p = -527 + n. What are the prime factors of p?
5, 127
Let d = -825 - -1362. Suppose -2*f - 2836 = -6*f. Suppose 3*v - 2*n - d = 0, f = 5*v - v - 5*n. What are the prime factors of v?
181
Let k(x) = 13*x**2 + 401*x + 16. Let w(d) = -20*d**2 - 600*d - 23. Let s(l) = -7*k(l) - 5*w(l). List the prime factors of s(-28).
5, 331
Let j(m) = m**3 - 13*m**2 - 29*m - 10. Let i be j(15). Let w(z) = -5*z - 5 + 5*z**2 - z + z**3 + 4. What are the prime factors of w(i)?
3, 73
Let j(w) = 6*w + 7. Let m be j(0). Suppose 0 = m*k - 665 - 294. What are the prime factors of k?
137
Let a(o) = 398*o - 1585. List the prime factors of a(13).
37, 97
Let y be -18*((-32)/6 - -6). What are the prime factors of 2 + 6 + y/3?
2
Suppose 4*z = 2*z - 8. Let i be (-3)/((-66)/z) - 256/44. Let c(r) = -r**3 - 4*r**2 + 11*r + 9. List the prime factors of c(i).
3, 5
Let a = 30703 - 14643. List the prime factors of a.
2, 5, 11, 73
Suppose -3*a - 5 = -17. Suppose -a*c = 2*c. Suppose -10*t + 5*t + 180 = c. What are the prime factors of t?
2, 3
Let a be -2*(-3 + 9/2)*-2. Suppose -a*o + 14156 - 4298 = 0. Suppose 12*v - o - 289 = 0. List the prime factors of v.
7, 23
What are the prime factors of 4/(-56)*(-16)/12 + (-1852406)/(-42)?
5, 8821
Let w(n) = -25*n - 62. Let q = 154 + -141. Suppose 5 = -3*h - q. What are the prime factors of w(h)?
2, 11
Let x(g) = g**3 - 64*g**2 + 104*g - 4862. What are the prime factors of x(71)?
3, 4201
Let o(z) = 25*z**3 - 2*z**2 - 14*z + 33. What are the prime factors of o(5)?
2, 7, 31
Let z(k) = -13*k**3 - 5. Let w be z(-3). Suppose 0 = -0*i + i - w. Suppose -478 = -5*b + 2*n + i, 0 = 5*b + 5*n - 810. What are the prime factors of b?
2, 41
Let f(g) = -6*g - 18. Let o be f(-6). Let x be (42/o - 3)/((-1)/108). Suppose 9*z = 8*z + x. What are the prime factors of z?
2, 3
Let m be (1 - 2)/(2/6) + 9. Suppose -m*l = -598 + 2086. What are the prime factors of 7/(84/l)*3*-1?
2, 31
Suppose -7*j + 4*n = -5*j - 3094, 2*n + 7743 = 5*j. List the prime factors of j.
1549
Let g(n) = n**3 + 3*n**2 - 2*n - 3. Let i be g(3). Suppose 2*d = -3*d + i. Suppose d*j - 1048 - 806 = 0. List the prime factors of j.
2, 103
Let f(g) = -g**2 + 20*g + 13. Let w be f(0). Suppose 0 = -0*v + w*v - 24726. What are the prime factors of v?
2, 3, 317
Let i be (-834)/9 + (-10)/(-15). Let t = 95 + i. Suppose 7*r - 328 = t*r. List the prime factors of r.
2, 41
Suppose 4*b - s = 4262, 441 = b + s - 627. Let z be 1/(3 - b/356). Let j = z - 82. List the prime factors of j.
2, 3
Suppose d + 25611 - 75060 = -4*b, -4*b - 197816 = -4*d. What are the prime factors of d?
17, 2909
Suppose 3*p + 5*h = 400, -p + 2*h + 176 = 50. Let s be p*((-7)/21)/((-4)/6). Suppose -r = 5*i + 6 - s, -5*i + 167 = 3*r. What are the prime factors of r?
2, 3
Let t = 3432 + 7724. List the prime factors of t.
2, 2789
Suppose k = 78 + 190. Suppose 0 = -g + 4*b + 92, 3*b + b = -4*g + k. List the prime factors of g.
2, 3
Let s = -9009 + 10233. What are the prime factors of s?
2, 3, 17
Suppose 0 = -9*o + 4108 + 941. Let p = o - 298. List the prime factors of p.
263
Suppose -67997 + 241304 = 123*u. What are the prime factors of u?
1409
Let k be -2 - (-21 - (-1 - -4 - 2)). What are the prime factors of (k/(-8))/5*-82*3?
3, 41
Let k(l) = l**3 + 60*l**2 + 12*l + 810. What are the prime factors of k(-44)?
2, 15629
Suppose -2428 = -5*w - 45*b + 48*b, -3*b = 3*w - 1476. List the prime factors of w.
2, 61
Let x = 52175 + -20917. What are the prime factors of x?
2, 15629
Suppose 6*x = 84 - 30. List the prime factors of 399/(-45) + x - 40616/(-30).
2, 677
Let y = -7895 + 8480. What are the prime factors of y?
3, 5, 13
Let z = 310 + -306. Suppose 4*g + 604 = 4*h, -4*h - 8*g + z*g = -604. List the prime factors of h.
151
Let v(o) = 34*o - 166. Let q be v(5). Suppose -q*r + 2469 = 5*c - 5189, r = -3. List the prime factors of c.
2, 13, 59
Let k = -69 + 76. Let m(d) = 3*d**3 - 10*d**2 - 15*d + 10. What are the prime factors of m(k)?
2, 3, 37
Let f(o) be the third derivative of -5*o**4/4 - 17*o**3/3 + 26*o**2. What are the prime factors of f(-3)?
2, 7
Let b = 24650 - 17507. List the prime factors of b.
3, 2381
Suppose -1541 - 1771 = -9*y. Suppose -4*f = -9*f - 5*x + 375, 5*f = 2*x + y. List the prime factors of f.
2, 37
Let n = -9469 + 20321. List the prime factors of n.
2, 2713
Let v = 36 - 40. What are the prime factors of 29*1*v*120/(-32)?
3, 5, 29
Let v(b) = 27*b - 51*b + 2 + 27*b + 8*b**2. Let z be v(-1). Suppose -z*p + 180 = -3*p. What are the prime factors of p?
3, 5
Suppose -734 = -j + 3*v, j - 6*j + v = -3726. Suppose j = -17*a + 2378. What are the prime factors of a?
2, 3
Suppose z - u = u + 773, 0 = 4*u - 8. Suppose -m + 3*f + 600 = 0, -3*m + 1009 = -2*f - z. What are the prime factors of m?
2, 3, 11
Suppose -10*m = -19*m + 42606. What are the prime factors of m?
2, 3, 263
Let i(r) = -20030*r + 373. List the prime factors of i(-1).
3, 2267
Let t = 7516 - 3069. What are the prime factors of t?
4447
Suppose -r - 5*u = -44, 0 = -3*r + 9*u - 6*u + 114. Let k = 187 + r. What are the prime factors of k?
2, 113
List the prime factors of (-516)/(-1935) + 353261/15.
11, 2141
Let m be ((-3)/(-2) - 1)/(1/(-2)). List the prime factors of m/(2/(-914))*(-25 + 26).
457
Let s(k) = k**3 - 52*k**2 + 95*k + 172. What are the prime factors of s(52)?
2, 3, 71
What are the prime factors of (-729840)/480*38/(-1)?
19, 3041
What are the prime factors of 4050/(-11475) - 20101